 263281?
23, 11447
What are the prime factors of 8591055?
3, 5, 11, 52067
List the prime factors of 235890.
2, 3, 5, 2621
List the prime factors of 115009.
47, 2447
What are the prime factors of 3336516?
2, 3, 92681
List the prime factors of 18036418.
2, 59, 152851
What are the prime factors of 153186?
2, 3, 11, 211
What are the prime factors of 3152357?
13, 23, 811
List the prime factors of 4183685.
5, 11, 29, 43, 61
List the prime factors of 5867916.
2, 3, 488993
List the prime factors of 3551167.
1061, 3347
What are the prime factors of 7710175?
5, 11, 23, 53
List the prime factors of 2234732.
2, 558683
What are the prime factors of 369256?
2, 101, 457
List the prime factors of 9602133.
3, 607, 5273
List the prime factors of 50541.
3, 17, 991
List the prime factors of 29908536.
2, 3, 7, 53, 3359
List the prime factors of 306264.
2, 3, 7, 1823
What are the prime factors of 20762289?
3, 29, 79549
List the prime factors of 378014.
2, 7, 13, 31, 67
List the prime factors of 4800196.
2, 29, 41381
What are the prime factors of 286114?
2, 29, 4933
List the prime factors of 70267.
29, 2423
What are the prime factors of 19605222?
2, 3, 7, 13, 11969
What are the prime factors of 208875?
3, 5, 557
List the prime factors of 578324.
2, 163, 887
List the prime factors of 12063548.
2, 7, 430841
List the prime factors of 19684758.
2, 3, 3280793
What are the prime factors of 34497?
3, 3833
What are the prime factors of 1552588?
2, 41, 9467
List the prime factors of 196750.
2, 5, 787
List the prime factors of 4477015.
5, 419, 2137
List the prime factors of 321186.
2, 3, 199, 269
What are the prime factors of 8992876?
2, 311, 7229
What are the prime factors of 1462348?
2, 365587
List the prime factors of 1755329.
1171, 1499
List the prime factors of 707939.
707939
List the prime factors of 514007.
13, 19, 2081
What are the prime factors of 8018561?
8018561
List the prime factors of 1018610.
2, 5, 37, 2753
List the prime factors of 614421.
3, 233, 293
What are the prime factors of 11584130?
2, 5, 313, 3701
List the prime factors of 131488.
2, 7, 587
What are the prime factors of 199320?
2, 3, 5, 11, 151
List the prime factors of 548301.
3, 13, 17, 827
List the prime factors of 2487991.
11, 37, 6113
What are the prime factors of 52013?
13, 4001
List the prime factors of 6723651.
3, 11, 67, 3041
List the prime factors of 2124447.
3, 13, 19, 47, 61
List the prime factors of 28826819.
7, 19, 216743
List the prime factors of 602117.
23, 47, 557
List the prime factors of 211770.
2, 3, 5, 13, 181
What are the prime factors of 5993904?
2, 3, 7, 17839
What are the prime factors of 9084263?
2141, 4243
List the prime factors of 1791822.
2, 3, 107, 2791
List the prime factors of 264610.
2, 5, 47, 563
What are the prime factors of 643337?
503, 1279
What are the prime factors of 8539754?
2, 4269877
List the prime factors of 116652.
2, 3, 9721
What are the prime factors of 1098294?
2, 3, 163, 1123
What are the prime factors of 683332?
2, 13, 17, 773
List the prime factors of 13590417.
3, 257, 17627
List the prime factors of 930721.
11, 211, 401
List the prime factors of 750936.
2, 3, 67, 467
What are the prime factors of 5492843?
19, 47, 6151
List the prime factors of 133368.
2, 3, 5557
List the prime factors of 6146167.
6146167
What are the prime factors of 28454?
2, 41, 347
What are the prime factors of 504072?
2, 3, 7001
What are the prime factors of 341671?
11, 89, 349
List the prime factors of 11124875.
5, 61, 1459
List the prime factors of 8393934.
2, 3, 19, 29, 2539
List the prime factors of 2579401.
11, 227, 1033
List the prime factors of 15029726.
2, 1423, 5281
List the prime factors of 1558952.
2, 194869
What are the prime factors of 423050?
2, 5, 8461
What are the prime factors of 275904?
2, 3, 479
List the prime factors of 4172838.
2, 3, 229, 3037
What are the prime factors of 1831566?
2, 3, 11, 27751
What are the prime factors of 1461204?
2, 3, 37, 1097
List the prime factors of 9379328.
2, 7, 2617
What are the prime factors of 13090485?
3, 5, 113, 7723
List the prime factors of 705533.
705533
What are the prime factors of 247905?
3, 5, 7, 787
List the prime factors of 5902456.
2, 7, 105401
What are the prime factors of 8894568?
2, 3, 487, 761
What are the prime factors of 76159?
76159
List the prime factors of 851465.
5, 170293
List the prime factors of 31671.
3, 17, 23
List the prime factors of 4846972.
2, 13, 17, 5483
List the prime factors of 908915.
5, 7, 25969
What are the prime factors of 175295?
5, 35059
What are the prime factors of 114358?
2, 57179
What are the prime factors of 1010546?
2, 97, 5209
List the prime factors of 878127.
3, 292709
List the prime factors of 288990.
2, 3, 5, 13, 19
List the prime factors of 1096099.
1096099
List the prime factors of 2304.
2, 3
What are the prime factors of 527584?
2, 16487
List the prime factors of 118041.
3, 7, 11, 73
List the prime factors of 1448199.
3, 19, 941
List the prime factors of 1906072.
2, 7, 101, 337
List the prime factors of 5839894.
2, 103, 28349
List the prime factors of 251273.
11, 53, 431
What are the prime factors of 788559?
3, 262853
List the prime factors of 599546.
2, 29, 10337
List the prime factors of 2705232.
2, 3, 56359
What are the prime factors of 925428?
2, 3, 7, 23, 479
List the prime factors of 7086027.
3, 13, 181693
List the prime factors of 15220058.
2, 7, 1087147
List the prime factors of 789011.
53, 14887
What are the prime factors of 931149?
3, 34487
List the prime factors of 2144767.
97, 22111
List the prime factors of 348214.
2, 43, 4049
What are the prime factors of 202745?
5, 23, 41, 43
List the prime factors of 14175499.
13, 1090423
List the prime factors of 806291.
806291
What are the prime factors of 611868?
2, 3, 50989
What are the prime factors of 740704?
2, 79, 293
List the prime factors of 14748185.
5, 2949637
List the prime factors of 7698004.
2, 1924501
What are the prime factors of 23099424?
2, 3, 71, 3389
What are the prime factors of 28349748?
2, 3, 7, 19, 31, 191
List the prime factors of 262037.
67, 3911
What are the prime factors of 1450797?
3, 17, 28447
What are the prime factors of 688918?
2, 401, 859
What are the prime factors of 113801?
31, 3671
List the prime factors of 481578.
2, 3, 80263
What are the prime factors of 32313290?
2, 5, 3231329
What are the prime factors of 3901890?
2, 3, 5, 113, 1151
List the prime factors of 1776696.
2, 3, 181, 409
What are the prime factors of 9520679?
7, 1360097
What are the prime factors of 1399344?
2, 3, 29153
What are the prime factors of 6580102?
2, 3290051
List the prime factors of 10267685.
5, 37, 55501
What are the prime factors of 29206049?
277, 105437
What are the prime factors of 2918288?
2, 17, 10729
What are the prime factors of 8444511?
3, 938279
What are the prime factors of 2167741?
2167741
List the prime factors of 175915.
5, 151, 233
List the prime factors of 740730.
2, 3, 5, 24691
List the prime factors of 754006.
2, 11, 34273
What are the prime factors of 14280399?
3, 7, 83, 2731
List the prime factors of 189975.
3, 5, 17, 149
List the prime factors of 2576058.
2, 3, 19, 59, 383
What are the prime factors of 1717229?
1717229
List the prime factors of 134182.
2, 23, 2917
List the prime factors of 102733.
19, 5407
List the prime factors of 970226.
2, 485113
List the prime factors of 157293.
3, 17477
What are the prime factors of 1336941?
3, 148549
List the prime factors of 164241.
3, 7, 11, 79
What are the prime factors of 8130238?
2, 4065119
List the prime factors of 720594.
2, 3, 7, 19, 43
List the prime factors of 1658736.
2, 3, 11519
List the prime factors of 5401791.
3, 41, 14639
List the prime factors of 5649141.
3, 1883047
List the prime factors of 254983.
17, 53, 283
What are the prime factors of 58582?
2, 17, 1723
What are the prime factors of 85771?
7, 12253
What are the prime factors of 432257?
7, 61751
List the prime factors of 8652.
2, 3, 7, 103
What are the prime factors of 301835?
5, 17, 53, 67
What are the prime factors of 1199019?
3, 53, 7541
List the prime factors of 1487380.
2, 5, 31, 2399
List the prime factors of 175602.
2, 3, 7, 37, 113
What are the prime factors of 16848427?
16848427
List the prime factors of 22390281.
3, 2487809
What are the prime factors of 460192?
2, 7